-i*l - 3*l. What is the remainder when l is divided by 12?
5
Suppose u = 5 + 1. Let l be 5/(-1)*((-336)/(-20))/2. Let y = -26 - l. What is the remainder when y is divided by u?
4
Let n(h) = -28*h - 125. Calculate the remainder when n(-20) is divided by 88.
83
Let q(c) = -5*c**3 + c**2 - 4*c - 4. Calculate the remainder when 53 is divided by q(-1).
5
Suppose 3*q + 1218 = 32*q. Calculate the remainder when 234 is divided by q.
24
Let f = 7 - 11. What is the remainder when 87 is divided by (-33)/(3 + f) - 3?
27
Let f(w) be the first derivative of w**4/2 - w**3 + 2*w**2 - 6*w + 1. Suppose 3*o - 42 - 351 = 0. Calculate the remainder when o is divided by f(3).
32
Let h(q) = -q**3 - 15*q**2 - 11*q - 27. Let u be h(-15). Suppose j - 5*a = u, 3*a - 36 + 510 = 3*j. What is the remainder when j is divided by 41?
40
Suppose -2*v - 16 = -2*k, -3*v + 2 = k - 2*v. Calculate the remainder when 112 is divided by k.
2
Let n = -29 - -59. What is the remainder when 78*(-3 - (-9)/(-6)*-3) is divided by n?
27
Let x(i) = -13*i - 8. Calculate the remainder when x(-7) is divided by ((-72)/(-180))/((-2)/(-30)).
5
Suppose 2*w = -3*s + 74, -76 - 50 = -5*s - 4*w. What is the remainder when 66 is divided by s?
0
Let r = 173 - 216. Let l = 52 + r. What is the remainder when 27 is divided by l?
0
Let s = 424 - 317. What is the remainder when 119 is divided by s?
12
Let w be 42/9 + 10/(-15). Suppose 4*o = -w*l + 56, -4*o - 3*l + 0*l + 59 = 0. Calculate the remainder when 66 is divided by o.
15
Suppose -13*r = r - 658. Calculate the remainder when r is divided by 25.
22
Calculate the remainder when 473 is divided by 4/(-48)*68*(-2 - 1).
14
Let z = -41 - -58. Let i be 0 - (-100)/(7 + -3). What is the remainder when z is divided by i/(-30)*1*-6?
2
Let u(j) = -14*j + 106. What is the remainder when u(6) is divided by 7?
1
Suppose 5*l - 16 - 59 = 0. Suppose -l*v + 397 = -1943. What is the remainder when v is divided by 16?
12
Let s(g) = g**2 - 18*g + 30. Let y be s(16). Suppose 33 = -3*l + 123. Calculate the remainder when l is divided by -2*16/y*5/10.
6
Let y(l) = 45*l - 107. Calculate the remainder when y(4) is divided by 11.
7
Let k(t) = -t**3 + 21*t**2 - 36*t + 24. Calculate the remainder when 132 is divided by k(19).
8
Let b(j) = -j - 5. Suppose 45 - 51 = -6*z. What is the remainder when b(-6) is divided by z?
0
Let b = -9 + 11. What is the remainder when (-5 + -34 + 8)*-1 is divided by -2 + -1 + 13 + b?
7
Let n(p) = -p**3 - p**2 + 1. Let k(y) = 3*y**3 + 9*y**2 - 3*y. Let j(m) = -k(m) - 4*n(m). Calculate the remainder when 40 is divided by j(5).
7
Let q = 511 - 487. Calculate the remainder when q is divided by 3.
0
Let u(a) = -64*a - 287. What is the remainder when u(-7) is divided by 41?
38
Let z = 1 + 4. Suppose 3*y + d - 12 = 0, y - 6*y = -3*d - 6. Suppose -z*n + 4*g = -23, -g - 11 = -n + y*g. Calculate the remainder when 5 is divided by n.
2
Let j = -723 - -823. Calculate the remainder when j is divided by 47.
6
Let q(h) = -h**3 - 13*h**2 - 16*h - 6. Let l(g) = g**2 + 6*g + 4. Let n be l(-5). Let j be 0 - 2/n - 14. Calculate the remainder when q(j) is divided by 15.
12
Suppose -n + j = -6, -2 = 3*n + 3*j - j. Let i(y) = 9*y**3 - 4*y**2 + 6*y - 3. What is the remainder when i(n) is divided by 23?
19
Let i = -82 + 45. Let u = i - -48. What is the remainder when 43 is divided by u?
10
Suppose 0 = 4*x + 3*l - 160, 0 = -l + 226 - 222. Calculate the remainder when 69 is divided by x.
32
Suppose -2*l = -2*p + p - 49, 2*p - 2 = 0. Calculate the remainder when 73 is divided by l.
23
Suppose 13*i = -37 + 505. Calculate the remainder when 209 is divided by i.
29
Let j = 1930 - 1324. What is the remainder when j is divided by 16?
14
Let r(n) = n**2 + 8*n - 6. Suppose 2*s = -0 - 18. Let g be r(s). What is the remainder when 30 is divided by g - (2 - 20/2)?
8
Let g = 176 + -167. What is the remainder when 15 is divided by g?
6
Suppose o + 2 = 10. What is the remainder when o - (-4)/(-16)*0 is divided by 3?
2
Let d(i) = -5*i + 66. Suppose 3*j - 9 + 0 = 0. Suppose -j*l + 0*l = 5*g - 153, -2*l - g = -102. What is the remainder when l is divided by d(8)?
25
Suppose -3*p - 5 = 5*i - 4*p, 4*i = -4*p - 28. Let l = i - -1. Let r(j) = -40*j**3 + 2*j**2 + j. Calculate the remainder when r(l) is divided by 21.
20
Let z(c) = -7*c**2 - 10*c - 1. Let w be z(-5). Let k = 137 + w. Calculate the remainder when 30 is divided by k.
8
Let p = 33 + -8. Let b(z) = z**3 - 10*z**2 + 3*z - 15. What is the remainder when p is divided by b(10)?
10
Let c(d) = d**3 - 8*d**2 - 2*d + 20. Let b be c(8). Let r(l) = 1 + 0 + 11*l - 3*l. What is the remainder when 63 is divided by r(b)?
30
Let c be 3/(-2)*(-4)/3. Let x(y) = y**2 + 2*y - 3. Let k be x(c). Suppose w - 61 = -l - 0*l, -69 = -l - k*w. Calculate the remainder when l is divided by 21.
17
Let k(l) = 17*l**2 + 4*l + 3. Let c be k(-3). Suppose 2*n + c = 5*x, 0 = x + 3*x + 3*n - 106. What is the remainder when x is divided by 8?
4
Suppose 0 = -3*z - 2*j - 2, 4*j + 8 = -2*z + j. Suppose -21 = -i - z*i. Suppose -8*v + 60 = -12. What is the remainder when v is divided by i?
2
Suppose 2*t + 276 = -3*f - 0*t, 0 = -f + 5*t - 75. Let s = -4 - -11. Calculate the remainder when (144/f)/(2/(-15)) is divided by s.
5
Suppose 17*a + 374 = 80*a - 41*a. Let c(s) = 4*s**2 + s + 4. What is the remainder when c(-4) is divided by a?
13
Let x = -121 - -200. What is the remainder when x is divided by 13?
1
Let l(s) = 67*s - 95. What is the remainder when l(2) is divided by 14?
11
What is the remainder when 777 is divided by ((-414)/(-161))/((-6)/70*-1)?
27
Suppose k - 22 = 4*s + s, 4*k - 2*s - 124 = 0. What is the remainder when k is divided by 9?
5
Suppose -n = -5*r + 141, 0 = -15*r + 17*r - 4*n - 60. What is the remainder when r is divided by 15?
13
Let q(j) = -7*j + 213. Calculate the remainder when 78 is divided by q(26).
16
Suppose -10*o = -17*o. Suppose o = 3*f - 135 + 39. What is the remainder when 92 is divided by f?
28
Let r(i) = -18*i + 1. Suppose -4*u + 0 = 4. What is the remainder when r(u) is divided by 351/(-468) - 47*(-1)/4?
8
Let k be 15/(-6)*48/(-20). Suppose -k*w = 7*w - 1222. Calculate the remainder when w is divided by 12.
10
Let f = -159 - -230. Let q(g) = 2*g + 5. Let n be q(10). Suppose 22 = -3*h + 4*p + f, -h - 3*p + n = 0. What is the remainder when h is divided by 5?
4
Suppose -3*g + 0*g + 2*q = -77, -g = 4*q - 35. Let x = 31 - g. Suppose 0 = -x*k, 17 - 54 = -c + 4*k. What is the remainder when c is divided by 10?
7
Suppose 10*l - 6*l - 4*k - 60 = 0, -l + 3*k + 25 = 0. Calculate the remainder when 57 is divided by l.
7
Suppose 3*g - 4*a = -35, 2 = 3*a + 5. Let n(z) = -5*z - 19. Calculate the remainder when 181 is divided by n(g).
43
Let u = -331 - -345. What is the remainder when 55 is divided by u?
13
Let c be -17 + 16 - (-1 + -15). Suppose 2*z - c = 11. Calculate the remainder when 25 is divided by z.
12
Let x = 17 + -14. Suppose x*k = 2*k + 10. Suppose 4*f - 5*w = 102, 3*w + 2*w - 66 = -2*f. What is the remainder when f is divided by k?
8
Let j = -43 + 75. Let a = 7 + 1. Suppose 8 = -a*v + 144. What is the remainder when j is divided by v?
15
Let k be (-1026)/95*15/(-2). Suppose a + 5*z = 24 - 6, 2*a = 5*z + k. What is the remainder when 96 is divided by a?
30
What is the remainder when 138 is divided by (-33)/(-6)*-1*(-10 - 4)?
61
Suppose -4*u + 16 - 127 = -3*y, -4*y + 117 = 5*u. Calculate the remainder when 658 is divided by y.
31
Let x = 93 - 23. Suppose 3*u = -9*u + 216. Calculate the remainder when x is divided by u.
16
Let p(b) = -16*b + 17. Let s be p(-2). Suppose d - 6*d = -2*r - s, -d = -3*r - 2. What is the remainder when d is divided by 7?
4
Calculate the remainder when ((-28)/6)/(27/(-243)) is divided by 18.
6
Let u = 168 - 149. What is the remainder when u is divided by 8?
3
Suppose -y + 42 = 1. Let h = -13565 - -13577. Calculate the remainder when y is divided by h.
5
Suppose 2*k - 104 = -3*n, 99 = 3*k + 2*n - 47. Calculate the remainder when 228 is divided by k.
44
Let i = 21 - 16. Suppose 0 = -5*f - i - 5. Calculate the remainder when 4 is divided by 1 - (f - 0) - 1.
0
Let a be (3*1/(-9))/(1/(-63)). Let m be (-51)/12*4*-1. Suppose m*l + 204 = a*l. What is the remainder when l is divided by 13?
12
Suppose 3*k = 1 + 17. Suppose 21 = x + 1